 the prime factors of 261?
3, 29
What are the prime factors of 13485?
3, 5, 29, 31
List the prime factors of 27548.
2, 71, 97
What are the prime factors of 1341?
3, 149
What are the prime factors of 34365?
3, 5, 29, 79
List the prime factors of 4315.
5, 863
List the prime factors of 1561.
7, 223
List the prime factors of 1123.
1123
List the prime factors of 4125.
3, 5, 11
What are the prime factors of 944?
2, 59
What are the prime factors of 5639?
5639
What are the prime factors of 604?
2, 151
What are the prime factors of 582?
2, 3, 97
What are the prime factors of 5140?
2, 5, 257
What are the prime factors of 31606?
2, 15803
List the prime factors of 550.
2, 5, 11
What are the prime factors of 16456?
2, 11, 17
List the prime factors of 37.
37
List the prime factors of 1754.
2, 877
List the prime factors of 5274.
2, 3, 293
What are the prime factors of 560?
2, 5, 7
List the prime factors of 10102.
2, 5051
What are the prime factors of 2211?
3, 11, 67
List the prime factors of 1175.
5, 47
List the prime factors of 5353.
53, 101
What are the prime factors of 450?
2, 3, 5
List the prime factors of 2394.
2, 3, 7, 19
List the prime factors of 2954.
2, 7, 211
What are the prime factors of 22830?
2, 3, 5, 761
List the prime factors of 1665.
3, 5, 37
List the prime factors of 4423.
4423
What are the prime factors of 921?
3, 307
List the prime factors of 11461.
73, 157
What are the prime factors of 60867?
3, 6763
List the prime factors of 1311.
3, 19, 23
What are the prime factors of 8178?
2, 3, 29, 47
What are the prime factors of 6864?
2, 3, 11, 13
What are the prime factors of 4328?
2, 541
List the prime factors of 3081.
3, 13, 79
List the prime factors of 177838.
2, 88919
List the prime factors of 14292.
2, 3, 397
What are the prime factors of 10155?
3, 5, 677
List the prime factors of 659.
659
List the prime factors of 52498.
2, 26249
What are the prime factors of 40362?
2, 3, 7, 31
What are the prime factors of 2092?
2, 523
List the prime factors of 17463.
3, 5821
List the prime factors of 2826.
2, 3, 157
What are the prime factors of 27878?
2, 53, 263
List the prime factors of 2342.
2, 1171
List the prime factors of 4823.
7, 13, 53
List the prime factors of 26804.
2, 6701
What are the prime factors of 3414?
2, 3, 569
What are the prime factors of 78547?
7, 229
What are the prime factors of 845?
5, 13
What are the prime factors of 10791?
3, 11, 109
List the prime factors of 6786.
2, 3, 13, 29
What are the prime factors of 2108?
2, 17, 31
What are the prime factors of 5003?
5003
List the prime factors of 77948.
2, 13, 1499
List the prime factors of 862.
2, 431
What are the prime factors of 77635?
5, 15527
What are the prime factors of 901?
17, 53
What are the prime factors of 3126?
2, 3, 521
What are the prime factors of 1549?
1549
List the prime factors of 8399.
37, 227
List the prime factors of 37920.
2, 3, 5, 79
What are the prime factors of 2747?
41, 67
What are the prime factors of 5605?
5, 19, 59
List the prime factors of 14962.
2, 7481
What are the prime factors of 2397?
3, 17, 47
What are the prime factors of 21294?
2, 3, 7, 13
List the prime factors of 33682.
2, 11, 1531
What are the prime factors of 5120?
2, 5
What are the prime factors of 108?
2, 3
List the prime factors of 197925.
3, 5, 7, 13, 29
List the prime factors of 3249.
3, 19
List the prime factors of 2580.
2, 3, 5, 43
List the prime factors of 1112.
2, 139
List the prime factors of 20046.
2, 3, 13, 257
List the prime factors of 1602.
2, 3, 89
List the prime factors of 1992.
2, 3, 83
List the prime factors of 1978.
2, 23, 43
List the prime factors of 821.
821
List the prime factors of 87426.
2, 3, 1619
What are the prime factors of 26033?
7, 3719
What are the prime factors of 3971?
11, 19
List the prime factors of 1534.
2, 13, 59
What are the prime factors of 169?
13
What are the prime factors of 3053?
43, 71
List the prime factors of 3973.
29, 137
What are the prime factors of 107652?
2, 3, 8971
List the prime factors of 99391.
99391
What are the prime factors of 722?
2, 19
List the prime factors of 469.
7, 67
List the prime factors of 28974.
2, 3, 11, 439
List the prime factors of 3505.
5, 701
What are the prime factors of 284?
2, 71
What are the prime factors of 7030?
2, 5, 19, 37
What are the prime factors of 5669?
5669
What are the prime factors of 4881?
3, 1627
What are the prime factors of 57376?
2, 11, 163
List the prime factors of 7763.
7, 1109
List the prime factors of 21248.
2, 83
What are the prime factors of 14821?
14821
What are the prime factors of 135121?
7, 97, 199
What are the prime factors of 37816?
2, 29, 163
List the prime factors of 18546.
2, 3, 11, 281
What are the prime factors of 10337?
10337
List the prime factors of 804.
2, 3, 67
List the prime factors of 168924.
2, 3, 7, 2011
List the prime factors of 1956.
2, 3, 163
What are the prime factors of 700?
2, 5, 7
List the prime factors of 21693.
3, 7, 1033
List the prime factors of 990.
2, 3, 5, 11
List the prime factors of 2040.
2, 3, 5, 17
List the prime factors of 1782.
2, 3, 11
What are the prime factors of 6804?
2, 3, 7
What are the prime factors of 2034?
2, 3, 113
List the prime factors of 865.
5, 173
List the prime factors of 45001.
11, 4091
List the prime factors of 8257.
23, 359
What are the prime factors of 92697?
3, 11, 53
List the prime factors of 38306.
2, 107, 179
List the prime factors of 1123.
1123
List the prime factors of 53227.
17, 31, 101
What are the prime factors of 145111?
31, 151
What are the prime factors of 1332?
2, 3, 37
What are the prime factors of 11652?
2, 3, 971
List the prime factors of 1188.
2, 3, 11
What are the prime factors of 125210?
2, 5, 19, 659
What are the prime factors of 13171?
13171
List the prime factors of 12065.
5, 19, 127
What are the prime factors of 1308?
2, 3, 109
List the prime factors of 5961.
3, 1987
List the prime factors of 99098.
2, 49549
What are the prime factors of 1326?
2, 3, 13, 17
List the prime factors of 9240.
2, 3, 5, 7, 11
What are the prime factors of 47923?
17, 2819
What are the prime factors of 924?
2, 3, 7, 11
What are the prime factors of 2385?
3, 5, 53
What are the prime factors of 34?
2, 17
What are the prime factors of 1859?
11, 13
What are the prime factors of 394?
2, 197
What are the prime factors of 21876?
2, 3, 1823
List the prime factors of 53403.
3, 7, 2543
List the prime factors of 38087.
7, 5441
List the prime factors of 487.
487
List the prime factors of 1788.
2, 3, 149
What are the prime factors of 12619?
12619
List the prime factors of 633.
3, 211
What are the prime factors of 1875?
3, 5
List the prime factors of 60051.
3, 37, 541
List the prime factors of 7189.
7, 13, 79
List the prime factors of 3500.
2, 5, 7
What are the prime factors of 2298?
2, 3, 383
What are the prime factors of 2173?
41, 53
What are the prime factors of 1301?
1301
What are the prime factors of 5337?
3, 593
List the prime factors of 28204.
2, 11, 641
List the prime factors of 7394.
2, 3697
What are the prime factors of 3982?
2, 11, 181
What are the prime factors of 90653?
269, 337
List the prime factors of 674.
2, 337
List the prime factors of 1223.
1223
What are the prime factors of 1336?
2, 167
List the prime factors of 118658.
2, 79, 751
What are the prime factors of 4038?
2, 3, 673
List the prime factors of 15345.
3, 5, 11, 31
List the prime factors of 739.
739
List the prime factors of 47215.
5, 7, 19, 71
What are the prime factors of 410?
2, 5, 41
What are the prime factors of 100958?
2, 11, 13, 353
List the prime factors of 2686.
2, 17, 79
List the prime factors of 65843.
65843
List the prime factors of 2749.
2749
What are the prime factors of 18540?
2, 3, 5, 103
What are the prime factors of 1750?
2, 5, 7
What are the prime factors of 5?
5
List the prime factors of 13031.
83, 157
What are the prime factors of 3400?
2, 5, 17
List the prime factors of 7809.
3, 19, 137
What are the prime factors of 59009?
59009
What are the prime factors of 1277?
1277
What are the prime factors of 2623?
43, 61
List the prime factors of 1863.
3, 23
List the prime factors of 448.
2, 7
List the prime factors of 906.
2, 3, 151
What are the prime factors of 3517?
3517
List the prime factors of 1095.
3, 5, 73
What are the prime factors of 446?
2, 223
What a